d 201?
67
What is the greatest common factor of 188 and 2066026?
94
What is the greatest common factor of 32112 and 144?
144
Calculate the greatest common divisor of 27 and 15363.
27
What is the greatest common divisor of 47912 and 21200?
424
Calculate the highest common factor of 18204 and 6924.
12
What is the highest common factor of 1480 and 754120?
40
Calculate the highest common divisor of 80093 and 975.
13
Calculate the greatest common divisor of 2961 and 15281.
7
What is the highest common divisor of 140 and 3535?
35
What is the greatest common factor of 3 and 11049?
3
What is the greatest common factor of 10726 and 248?
62
What is the greatest common factor of 3424 and 28?
4
Calculate the greatest common divisor of 5096 and 296.
8
What is the highest common divisor of 14 and 1282?
2
Calculate the greatest common divisor of 278046 and 18468.
1026
Calculate the greatest common divisor of 37360 and 24.
8
What is the greatest common factor of 1288595 and 140?
35
What is the highest common divisor of 4410 and 12215?
35
What is the highest common factor of 113459 and 46?
23
Calculate the highest common divisor of 232113 and 7.
7
What is the greatest common factor of 896 and 256606?
14
What is the greatest common divisor of 300 and 3270?
30
What is the greatest common factor of 8574570 and 54?
18
Calculate the greatest common factor of 2276722 and 14.
14
Calculate the greatest common factor of 37328 and 496.
16
Calculate the highest common factor of 472 and 257004.
236
Calculate the highest common divisor of 34287 and 5511.
33
Calculate the highest common divisor of 50143 and 2788.
41
Calculate the greatest common divisor of 26634 and 414.
138
Calculate the highest common factor of 4012 and 606815.
1003
What is the greatest common factor of 1525 and 800?
25
What is the greatest common divisor of 58905 and 115668?
1071
Calculate the greatest common factor of 330 and 10470.
30
What is the greatest common factor of 5 and 2?
1
What is the highest common divisor of 1890 and 588?
42
Calculate the greatest common divisor of 561 and 726.
33
Calculate the highest common factor of 10719 and 109969.
397
What is the highest common divisor of 76 and 1919?
19
What is the highest common factor of 200 and 7025?
25
What is the highest common factor of 19494 and 15012?
54
What is the greatest common factor of 3440 and 14570?
10
Calculate the greatest common divisor of 3840 and 780.
60
Calculate the greatest common divisor of 4 and 4918.
2
What is the highest common factor of 43872 and 192?
96
What is the highest common factor of 3674 and 72478?
334
Calculate the highest common factor of 1655964 and 288.
36
What is the greatest common factor of 64710 and 198?
18
What is the greatest common factor of 381843 and 203?
203
What is the greatest common divisor of 30 and 5725?
5
What is the greatest common factor of 679724 and 109?
109
Calculate the greatest common factor of 2977 and 245259.
229
What is the greatest common factor of 30 and 80208?
6
What is the highest common divisor of 1 and 19?
1
Calculate the highest common divisor of 735 and 3745.
35
Calculate the highest common divisor of 3096 and 43946.
86
What is the highest common factor of 52 and 458068?
52
What is the highest common factor of 258309 and 432?
27
What is the greatest common divisor of 4410 and 3750?
30
Calculate the highest common divisor of 3450881 and 119.
119
What is the greatest common divisor of 96000 and 256?
256
Calculate the greatest common factor of 400 and 1867400.
200
What is the highest common divisor of 6721 and 2068?
517
What is the greatest common divisor of 52 and 40846?
26
Calculate the highest common divisor of 70 and 28378.
14
What is the highest common divisor of 123443 and 3358?
73
What is the greatest common divisor of 2772 and 1382304?
924
What is the highest common divisor of 21141 and 87?
87
What is the greatest common factor of 1200 and 63120?
240
What is the highest common divisor of 1854 and 601314?
618
Calculate the greatest common divisor of 38 and 72572.
2
What is the highest common divisor of 128700 and 1625?
325
What is the highest common factor of 249576 and 24?
24
What is the highest common divisor of 535 and 830?
5
Calculate the highest common divisor of 39984 and 384.
48
What is the greatest common divisor of 185453 and 34?
17
Calculate the greatest common divisor of 367533 and 97.
97
Calculate the greatest common divisor of 401 and 8237743.
401
What is the greatest common factor of 3 and 210981?
3
Calculate the highest common factor of 2043 and 4041.
9
Calculate the greatest common divisor of 110 and 27870.
10
Calculate the greatest common factor of 40 and 313600.
40
Calculate the highest common divisor of 3629 and 11651.
191
What is the greatest common factor of 18024 and 368741?
751
Calculate the highest common divisor of 271031 and 321.
107
What is the greatest common factor of 7821 and 81?
9
What is the greatest common factor of 8285002 and 1436?
718
Calculate the highest common factor of 2687251 and 46.
23
What is the highest common factor of 39611 and 70356?
143
What is the highest common divisor of 10486 and 4018?
98
Calculate the highest common divisor of 56825 and 475.
25
What is the highest common factor of 375536 and 2395?
479
What is the highest common divisor of 2433 and 5?
1
What is the highest common factor of 1558 and 222490?
38
Calculate the highest common divisor of 467495 and 2109.
703
Calculate the greatest common divisor of 392 and 15330336.
392
Calculate the greatest common factor of 18864 and 378.
18
Calculate the greatest common factor of 3888 and 6000.
48
What is the greatest common factor of 240 and 18510?
30
What is the greatest common divisor of 235963 and 3276?
91
What is the greatest common factor of 888 and 21534?
222
What is the greatest common divisor of 8856 and 11880?
216
What is the highest common divisor of 512 and 1872?
16
Calculate the highest common factor of 184504 and 16.
8
What is the greatest common divisor of 186 and 6786?
6
What is the greatest common divisor of 8025966 and 103?
103
What is the highest common divisor of 5669460 and 162?
54
What is the highest common divisor of 74868 and 204?
204
What is the highest common factor of 160 and 468680?
40
What is the greatest common divisor of 28204 and 88?
44
Calculate the greatest common factor of 261699 and 5395.
83
Calculate the highest common divisor of 1465 and 295.
5
What is the highest common divisor of 468 and 2214732?
156
Calculate the greatest common divisor of 1485 and 109296.
297
What is the highest common divisor of 72 and 71676?
36
Calculate the greatest common factor of 67 and 207499.
67
What is the greatest common factor of 3039301 and 97?
97
Calculate the greatest common divisor of 774 and 18.
18
Calculate the greatest common divisor of 34479 and 108.
27
What is the greatest common factor of 120 and 5204?
4
Calculate the highest common factor of 540 and 17145.
135
What is the highest common divisor of 116025 and 3731?
91
Calculate the greatest common divisor of 877369 and 239.
239
What is the highest common factor of 4975 and 3184?
199
What is the greatest common factor of 17 and 189091?
17
Calculate the highest common divisor of 13 and 1171.
1
What is the highest common divisor of 51204 and 4692?
204
Calculate the highest common divisor of 200 and 33425.
25
What is the highest common divisor of 6748 and 224371?
1687
Calculate the greatest common factor of 21420 and 441.
63
What is the greatest common divisor of 472 and 228094?
118
What is the highest common divisor of 28355 and 214?
107
Calculate the greatest common factor of 9384 and 104466.
138
What is the greatest common factor of 158010 and 30?
30
What is the highest common factor of 6510 and 506385?
465
What is the greatest common divisor of 17 and 2398717?
17
What is the highest common factor of 10282 and 212?
106
Calculate the greatest common divisor of 4445884 and 3688.
1844
What is the greatest common factor of 1634 and 2150?
86
Calculate the greatest common divisor of 444 and 344766.
222
What is the greatest common factor of 117719 and 1255?
251
What is the greatest common factor of 60295 and 1519?
31
What is the greatest common divisor of 1472 and 2040?
8
What is the greatest common